64 and 3232.
32
Calculate the highest common divisor of 29244 and 36948.
12
What is the highest common divisor of 22333 and 92989?
23
Calculate the highest common divisor of 122892 and 46557.
21
What is the greatest common divisor of 63 and 8587992?
21
What is the greatest common divisor of 345040 and 2976160?
1520
What is the highest common factor of 8 and 5818316?
4
Calculate the highest common divisor of 952 and 8465632.
56
What is the highest common divisor of 4421186 and 38038?
2926
Calculate the highest common divisor of 500 and 16116700.
100
What is the greatest common divisor of 2478552 and 16592?
488
Calculate the greatest common divisor of 1148007 and 26187.
21
What is the greatest common factor of 7194 and 44886963?
3597
Calculate the highest common divisor of 57821186 and 70876.
2726
What is the highest common factor of 641035 and 147559?
2419
Calculate the greatest common factor of 5633 and 187222.
43
Calculate the highest common divisor of 3614330 and 2620.
10
Calculate the greatest common divisor of 5922 and 731506590.
846
Calculate the greatest common divisor of 758 and 32672074.
758
Calculate the highest common factor of 25893 and 2738904.
2877
Calculate the greatest common divisor of 6675 and 1131825.
75
What is the greatest common factor of 2019 and 216378249?
2019
What is the highest common factor of 2562984 and 16?
8
Calculate the highest common divisor of 22584 and 552.
24
Calculate the highest common factor of 3387622 and 224.
14
What is the highest common divisor of 55 and 16721221?
11
Calculate the highest common divisor of 4387308 and 1298697.
6729
What is the greatest common factor of 13035 and 16991715?
1185
What is the greatest common factor of 1809 and 16239717?
27
What is the greatest common divisor of 3519 and 1026477?
153
What is the greatest common divisor of 378448 and 3296?
16
What is the greatest common factor of 14585382 and 315?
63
What is the highest common factor of 273776 and 4960?
16
What is the highest common divisor of 52725 and 170829?
2109
Calculate the greatest common factor of 1103414102 and 106.
106
Calculate the highest common factor of 5854100 and 2700.
100
What is the highest common divisor of 68755 and 6465?
5
Calculate the highest common divisor of 8763 and 49159668.
381
Calculate the highest common factor of 56929290 and 14520.
3630
What is the highest common divisor of 9118 and 147956?
94
Calculate the highest common divisor of 31918428 and 24.
12
What is the greatest common divisor of 174088 and 99264?
376
Calculate the highest common divisor of 14147 and 6545245.
301
What is the greatest common factor of 116403212 and 12?
4
Calculate the highest common divisor of 417 and 21431437.
139
Calculate the highest common factor of 4381419 and 35511.
399
What is the highest common factor of 3545979 and 51?
51
Calculate the highest common divisor of 48785554 and 32484.
5414
Calculate the highest common divisor of 14 and 2553458.
2
What is the greatest common factor of 122184 and 22536?
72
What is the highest common divisor of 47208499 and 78?
13
What is the greatest common factor of 7199543 and 91?
13
What is the greatest common divisor of 1056711 and 3?
3
What is the greatest common factor of 3618775 and 11425?
25
What is the greatest common factor of 40 and 12003560?
40
Calculate the greatest common divisor of 527 and 65078331.
31
What is the highest common factor of 547948 and 128?
4
Calculate the greatest common factor of 11415495 and 90.
15
What is the greatest common divisor of 675 and 7937295?
15
What is the highest common factor of 11693280 and 5235?
15
What is the greatest common divisor of 96146722 and 784?
98
What is the greatest common divisor of 2186 and 23426?
2
Calculate the greatest common factor of 370 and 10093822.
74
Calculate the highest common factor of 3734826 and 2190.
438
Calculate the greatest common divisor of 4576558 and 1068.
178
Calculate the highest common divisor of 5795 and 23283151.
1159
Calculate the greatest common factor of 496470 and 170113.
67
What is the greatest common divisor of 19150 and 103641715?
1915
What is the highest common divisor of 82127928 and 9672?
744
What is the greatest common divisor of 5874582 and 987?
21
What is the greatest common divisor of 140 and 4205?
5
What is the highest common factor of 2075843 and 28?
7
Calculate the greatest common divisor of 2147 and 1325366717.
2147
What is the highest common divisor of 9423 and 11914860?
1047
What is the greatest common factor of 1056715 and 2475?
55
Calculate the greatest common factor of 261 and 26563884.
87
Calculate the greatest common divisor of 10146261 and 24.
3
What is the highest common factor of 892 and 53396?
4
Calculate the highest common divisor of 30 and 22636155.
15
Calculate the greatest common divisor of 26060241 and 63307.
1711
What is the highest common factor of 283 and 624345261?
283
Calculate the greatest common divisor of 156 and 164555612.
52
Calculate the highest common factor of 6040024 and 14536.
632
Calculate the greatest common factor of 2980485 and 315.
45
Calculate the highest common factor of 689 and 93021890.
689
What is the greatest common divisor of 211981 and 77?
77
Calculate the highest common divisor of 692087 and 507037.
3701
What is the highest common divisor of 429730 and 565?
5
Calculate the greatest common factor of 493 and 84541.
17
What is the greatest common divisor of 67713109 and 6418?
3209
What is the highest common divisor of 1746 and 449892402?
582
What is the greatest common divisor of 579698 and 5264?
658
What is the greatest common factor of 694 and 17838229?
347
What is the highest common factor of 273559 and 406263?
143
What is the greatest common factor of 1626 and 113349?
3
Calculate the greatest common factor of 6255 and 745596.
1251
What is the greatest common divisor of 1576 and 27212?
4
What is the greatest common divisor of 6040 and 50468730?
1510
What is the greatest common factor of 24008997 and 339?
339
What is the greatest common divisor of 66 and 107651082?
66
What is the greatest common factor of 1206926469 and 9788?
2447
What is the highest common factor of 20302335 and 5355?
765
What is the greatest common divisor of 135 and 75867705?
135
Calculate the greatest common factor of 2475352 and 64.
8
Calculate the greatest common divisor of 42 and 9223152.
6
What is the greatest common divisor of 32 and 89916424?
8
What is the greatest common factor of 5353 and 791237?
53
What is the greatest common factor of 852219 and 95049?
1611
Calculate the greatest common factor of 12019 and 6830327.
707
What is the highest common factor of 81 and 26417799?
27
What is the greatest common factor of 3720 and 279900?
60
Calculate the highest common factor of 5577705 and 450.
45
Calculate the highest common divisor of 84400 and 2808410.
2110
Calculate the greatest common factor of 9570 and 22710.
30
Calculate the highest common divisor of 550 and 12398650.
550
What is the greatest common divisor of 200607 and 787677?
33
What is the greatest common factor of 835 and 260815590?
835
What is the highest common factor of 209 and 8234809?
209
Calculate the highest common divisor of 150671 and 1598.
17
What is the highest common divisor of 8476 and 9830041?
2119
Calculate the greatest common divisor of 90 and 115393470.
30
What is the greatest common factor of 6442 and 69228953?
3221
Calculate the highest common factor of 6 and 13664138.
2
Calculate the greatest common divisor of 2672 and 2112884.
668
What is the greatest common divisor of 45701205 and 33?
33
Calculate the greatest common factor of 1048549792 and 32.
32
Calculate the greatest common divisor of 49817 and 1357915.
1607
Calculate the greatest common divisor of 7453 and 39066056.
257
What is the greatest common divisor of 508339161 and 13332?
3333
What is the highest common factor of 608036 and 9542?
26
Calculate the highest common divisor of 50641544 and 88.
8
What is the highest common factor of 2489 and 1245548?
131
Calculate the highest common factor of 45172 and 28727.
23
Calculate the greatest common divisor of 56 and 3516723.
7
Calculate the greatest common factor of 199950 and 24653370.
930
What is the greatest common factor of 27269193 and 7?
7
What is the greatest common